{"id":10392,"date":"2025-06-12T12:28:26","date_gmt":"2025-06-12T10:28:26","guid":{"rendered":"https:\/\/www.sumadijachess.com\/?page_id=10392"},"modified":"2026-01-13T14:38:36","modified_gmt":"2026-01-13T13:38:36","slug":"skupstina-ss-sumadije","status":"publish","type":"page","link":"https:\/\/www.sumadijachess.com\/?page_id=10392","title":{"rendered":"Skup\u0161tina \u0160S \u0160umadije"},"content":{"rendered":"<p><strong>Funkcioneri saveza:<\/strong><\/p>\n<ol>\n<li>Markovi\u0107 Slavoljub \u2013 predsednik skup\u0161tine<\/li>\n<li>Djuretanovi\u0107 Ivan\u00a0 \u2013 potpredsednik skup\u0161tine<\/li>\n<li>Milo\u0161evi\u0107 Petar \u2013 sekretar-komesar \u0160umadijskih liga<\/li>\n<\/ol>\n","protected":false},"excerpt":{"rendered":"Funkcioneri saveza: Markovi\u0107 Slavoljub \u2013 predsednik skup\u0161tine Djuretanovi\u0107 Ivan\u00a0 \u2013 potpredsednik skup\u0161tine Milo\u0161evi\u0107 Petar \u2013 sekretar-komesar \u0160umadijskih liga","protected":false},"author":2,"featured_media":0,"parent":0,"menu_order":0,"comment_status":"closed","ping_status":"closed","template":"","meta":{"footnotes":""},"class_list":["post-10392","page","type-page","status-publish","hentry"],"_links":{"self":[{"href":"https:\/\/www.sumadijachess.com\/index.php?rest_route=\/wp\/v2\/pages\/10392","targetHints":{"allow":["GET"]}}],"collection":[{"href":"https:\/\/www.sumadijachess.com\/index.php?rest_route=\/wp\/v2\/pages"}],"about":[{"href":"https:\/\/www.sumadijachess.com\/index.php?rest_route=\/wp\/v2\/types\/page"}],"author":[{"embeddable":true,"href":"https:\/\/www.sumadijachess.com\/index.php?rest_route=\/wp\/v2\/users\/2"}],"replies":[{"embeddable":true,"href":"https:\/\/www.sumadijachess.com\/index.php?rest_route=%2Fwp%2Fv2%2Fcomments&post=10392"}],"version-history":[{"count":8,"href":"https:\/\/www.sumadijachess.com\/index.php?rest_route=\/wp\/v2\/pages\/10392\/revisions"}],"predecessor-version":[{"id":14146,"href":"https:\/\/www.sumadijachess.com\/index.php?rest_route=\/wp\/v2\/pages\/10392\/revisions\/14146"}],"wp:attachment":[{"href":"https:\/\/www.sumadijachess.com\/index.php?rest_route=%2Fwp%2Fv2%2Fmedia&parent=10392"}],"curies":[{"name":"wp","href":"https:\/\/api.w.org\/{rel}","templated":true}]}}