{"id":11150,"date":"2019-07-30T12:01:27","date_gmt":"2019-07-30T10:01:27","guid":{"rendered":"https:\/\/www.sumadijachess.com\/?page_id=11150"},"modified":"2020-09-09T21:19:04","modified_gmt":"2020-09-09T19:19:04","slug":"ssu-karadjordje-topola","status":"publish","type":"page","link":"https:\/\/www.sumadijachess.com\/?page_id=11150","title":{"rendered":"S\u0160U Kara\u0111or\u0111e-Topola"},"content":{"rendered":"<p><strong>Predsednik<\/strong>:<br \/>\nMaksimovi\u0107 Marko<br \/>\nTel: 064\/861 1468<br \/>\n<strong>Sekretar:<\/strong><br \/>\nRadosavljevi\u0107 Zoran<br \/>\nTel: 061\/149 9971<\/p>\n<table width=\"496\">\n<tbody>\n<tr>\n<td colspan=\"4\" width=\"382\">\u00a0SSU&#8220;Karadjordje&#8220; &#8211; Topola<\/td>\n<td width=\"68\"><\/td>\n<td width=\"46\"><\/td>\n<\/tr>\n<tr>\n<td><\/td>\n<td><\/td>\n<td><\/td>\n<td><\/td>\n<td><\/td>\n<td><\/td>\n<\/tr>\n<tr>\n<td>Tbl.<\/td>\n<td><\/td>\n<td>Ime<\/td>\n<td>FIDE-Br.<\/td>\n<td>IntrRtg<\/td>\n<td>FED<\/td>\n<\/tr>\n<tr>\n<td>1<\/td>\n<td>MK<\/td>\n<td>Avramovic Zoran<\/td>\n<td>904775<\/td>\n<td>2328<\/td>\n<td>SRB<\/td>\n<\/tr>\n<tr>\n<td>2<\/td>\n<td>FM<\/td>\n<td>Podinic Bojan<\/td>\n<td>931160<\/td>\n<td>2253<\/td>\n<td>SRB<\/td>\n<\/tr>\n<tr>\n<td>3<\/td>\n<td>MK<\/td>\n<td>Milosevic Boban<\/td>\n<td>931756<\/td>\n<td>2220<\/td>\n<td>SRB<\/td>\n<\/tr>\n<tr>\n<td>4<\/td>\n<td>MK<\/td>\n<td>Maksimovic Marko<\/td>\n<td>929220<\/td>\n<td>2144<\/td>\n<td>SRB<\/td>\n<\/tr>\n<tr>\n<td>5<\/td>\n<td>MK<\/td>\n<td>Ilic Goran<\/td>\n<td>918504<\/td>\n<td>2125<\/td>\n<td>SRB<\/td>\n<\/tr>\n<tr>\n<td>6<\/td>\n<td>WIM<\/td>\n<td>Babic Marijana<\/td>\n<td>929735<\/td>\n<td>2097<\/td>\n<td>SRB<\/td>\n<\/tr>\n<tr>\n<td>7<\/td>\n<td>WFM<\/td>\n<td>Ostojic Katarina*<\/td>\n<td>958395<\/td>\n<td>2029<\/td>\n<td>SRB<\/td>\n<\/tr>\n<tr>\n<td>8<\/td>\n<td>MK<\/td>\n<td>Stajcic Vladimir<\/td>\n<td>943126<\/td>\n<td>2007<\/td>\n<td>SRB<\/td>\n<\/tr>\n<tr>\n<td>9<\/td>\n<td>MK<\/td>\n<td>Dorontic Zoran<\/td>\n<td>930571<\/td>\n<td>1970<\/td>\n<td>SRB<\/td>\n<\/tr>\n<tr>\n<td>10<\/td>\n<td>WMK<\/td>\n<td>Vukosavljevic Tatjana*<\/td>\n<td>980013<\/td>\n<td>1672<\/td>\n<td>SRB<\/td>\n<\/tr>\n<tr>\n<td>11<\/td>\n<td>I<\/td>\n<td>Todorovic Nenad M<\/td>\n<td>935085<\/td>\n<td>0<\/td>\n<td>SRB<\/td>\n<\/tr>\n<tr>\n<td>12<\/td>\n<td>I<\/td>\n<td>Grubic Miroslav<\/td>\n<td>934771<\/td>\n<td>0<\/td>\n<td>SRB<\/td>\n<\/tr>\n<tr>\n<td>13<\/td>\n<td>II<\/td>\n<td>Nekic Zoran<\/td>\n<td>0<\/td>\n<td>0<\/td>\n<td>SRB<\/td>\n<\/tr>\n<tr>\n<td>14<\/td>\n<td>II<\/td>\n<td>Radosavljevic Zoran<\/td>\n<td>0<\/td>\n<td>0<\/td>\n<td>SRB<\/td>\n<\/tr>\n<tr>\n<td>15<\/td>\n<td>III<\/td>\n<td>Jokic Nikola<\/td>\n<td>0<\/td>\n<td>0<\/td>\n<td>SRB<\/td>\n<\/tr>\n<\/tbody>\n<\/table>\n","protected":false},"excerpt":{"rendered":"Predsednik: Maksimovi\u0107 Marko Tel: 064\/861 1468 Sekretar: Radosavljevi\u0107 Zoran Tel: 061\/149 9971 \u00a0SSU&#8220;Karadjordje&#8220; &#8211; Topola Tbl. Ime FIDE-Br. IntrRtg FED 1 MK Avramovic Zoran 904775 2328 SRB 2 FM Podinic Bojan 931160 2253 SRB 3 MK Milosevic Boban 931756 2220 SRB 4 MK Maksimovic Marko 929220 2144 SRB 5 MK Ilic Goran 918504 2125 SRB [&hellip;]","protected":false},"author":2,"featured_media":0,"parent":0,"menu_order":0,"comment_status":"closed","ping_status":"closed","template":"","meta":{"footnotes":""},"class_list":["post-11150","page","type-page","status-publish","hentry"],"_links":{"self":[{"href":"https:\/\/www.sumadijachess.com\/index.php?rest_route=\/wp\/v2\/pages\/11150","targetHints":{"allow":["GET"]}}],"collection":[{"href":"https:\/\/www.sumadijachess.com\/index.php?rest_route=\/wp\/v2\/pages"}],"about":[{"href":"https:\/\/www.sumadijachess.com\/index.php?rest_route=\/wp\/v2\/types\/page"}],"author":[{"embeddable":true,"href":"https:\/\/www.sumadijachess.com\/index.php?rest_route=\/wp\/v2\/users\/2"}],"replies":[{"embeddable":true,"href":"https:\/\/www.sumadijachess.com\/index.php?rest_route=%2Fwp%2Fv2%2Fcomments&post=11150"}],"version-history":[{"count":8,"href":"https:\/\/www.sumadijachess.com\/index.php?rest_route=\/wp\/v2\/pages\/11150\/revisions"}],"predecessor-version":[{"id":11781,"href":"https:\/\/www.sumadijachess.com\/index.php?rest_route=\/wp\/v2\/pages\/11150\/revisions\/11781"}],"wp:attachment":[{"href":"https:\/\/www.sumadijachess.com\/index.php?rest_route=%2Fwp%2Fv2%2Fmedia&parent=11150"}],"curies":[{"name":"wp","href":"https:\/\/api.w.org\/{rel}","templated":true}]}}