{"id":9458,"date":"2019-05-13T18:48:24","date_gmt":"2019-05-13T16:48:24","guid":{"rendered":"https:\/\/www.sumadijachess.com\/?page_id=9458"},"modified":"2026-01-20T13:16:01","modified_gmt":"2026-01-20T12:16:01","slug":"klupske-2","status":"publish","type":"page","link":"https:\/\/www.sumadijachess.com\/?page_id=9458","title":{"rendered":"Klupske"},"content":{"rendered":"<p>1. Anti\u0107 Nenad &#8211; Kragujevac<br \/>\n2. Bjelanovi\u0107 Mile &#8211; Kragujevac<br \/>\n3. \u010calovi\u0107 Marko &#8211; Kragujevac<br \/>\n4. \u0110or\u0111evi\u0107 Milorad &#8211; Ra\u010da<br \/>\n5. \u0110or\u0111evi\u0107 Vidosav &#8211; Ra\u010da<br \/>\n6. Janjo\u0161 Slavi\u0161a &#8211; Kragujevac<br \/>\n7. Katu\u0161i\u0107 Milo\u0161 &#8211; Kragujevac<br \/>\n8. Milo\u0161evi\u0107 Slavi\u0161a &#8211; Kragujevac<br \/>\n9. Paji\u0107 Boris &#8211; Kragujevac<br \/>\n10. Radovanovi\u0107 Tomislav &#8211; Kragujevac<br \/>\n11. Toli\u0107 Neboj\u0161a &#8211; Kragujevac<br \/>\n12. \u017divkovi\u0107 Branko &#8211; Kragujevac<\/p>\n","protected":false},"excerpt":{"rendered":"1. Anti\u0107 Nenad &#8211; Kragujevac 2. Bjelanovi\u0107 Mile &#8211; Kragujevac 3. \u010calovi\u0107 Marko &#8211; Kragujevac 4. \u0110or\u0111evi\u0107 Milorad &#8211; Ra\u010da 5. \u0110or\u0111evi\u0107 Vidosav &#8211; Ra\u010da 6. Janjo\u0161 Slavi\u0161a &#8211; Kragujevac 7. Katu\u0161i\u0107 Milo\u0161 &#8211; Kragujevac 8. Milo\u0161evi\u0107 Slavi\u0161a &#8211; Kragujevac 9. Paji\u0107 Boris &#8211; Kragujevac 10. Radovanovi\u0107 Tomislav &#8211; Kragujevac 11. Toli\u0107 Neboj\u0161a &#8211; Kragujevac [&hellip;]","protected":false},"author":2,"featured_media":0,"parent":0,"menu_order":0,"comment_status":"closed","ping_status":"closed","template":"","meta":{"footnotes":""},"class_list":["post-9458","page","type-page","status-publish","hentry"],"_links":{"self":[{"href":"https:\/\/www.sumadijachess.com\/index.php?rest_route=\/wp\/v2\/pages\/9458","targetHints":{"allow":["GET"]}}],"collection":[{"href":"https:\/\/www.sumadijachess.com\/index.php?rest_route=\/wp\/v2\/pages"}],"about":[{"href":"https:\/\/www.sumadijachess.com\/index.php?rest_route=\/wp\/v2\/types\/page"}],"author":[{"embeddable":true,"href":"https:\/\/www.sumadijachess.com\/index.php?rest_route=\/wp\/v2\/users\/2"}],"replies":[{"embeddable":true,"href":"https:\/\/www.sumadijachess.com\/index.php?rest_route=%2Fwp%2Fv2%2Fcomments&post=9458"}],"version-history":[{"count":10,"href":"https:\/\/www.sumadijachess.com\/index.php?rest_route=\/wp\/v2\/pages\/9458\/revisions"}],"predecessor-version":[{"id":15022,"href":"https:\/\/www.sumadijachess.com\/index.php?rest_route=\/wp\/v2\/pages\/9458\/revisions\/15022"}],"wp:attachment":[{"href":"https:\/\/www.sumadijachess.com\/index.php?rest_route=%2Fwp%2Fv2%2Fmedia&parent=9458"}],"curies":[{"name":"wp","href":"https:\/\/api.w.org\/{rel}","templated":true}]}}